{"id":147,"date":"2023-07-04T12:39:24","date_gmt":"2023-07-04T12:39:24","guid":{"rendered":"https:\/\/www.escalechezyanis.fr\/?page_id=147"},"modified":"2024-06-27T14:20:37","modified_gmt":"2024-06-27T14:20:37","slug":"impressions-3d","status":"publish","type":"page","link":"https:\/\/escalechezyanis.fr\/index.php\/impressions-3d\/","title":{"rendered":"Impressions 3D"},"content":{"rendered":"\n<p>Ch\u00e2ssis de la voiture mod\u00e9lis\u00e9 sur Tinkercad<\/p>\n\n\n\n<figure class=\"wp-block-image size-large is-resized\"><img loading=\"lazy\" decoding=\"async\" width=\"1024\" height=\"461\" src=\"https:\/\/www.escalechezyanis.fr\/wp-content\/uploads\/2023\/07\/IMG_20230217_155107-1024x461.jpg\" alt=\"\" class=\"wp-image-205\" style=\"width:613px;height:auto\" srcset=\"https:\/\/escalechezyanis.fr\/wp-content\/uploads\/2023\/07\/IMG_20230217_155107-1024x461.jpg 1024w, https:\/\/escalechezyanis.fr\/wp-content\/uploads\/2023\/07\/IMG_20230217_155107-300x135.jpg 300w, https:\/\/escalechezyanis.fr\/wp-content\/uploads\/2023\/07\/IMG_20230217_155107-768x346.jpg 768w, https:\/\/escalechezyanis.fr\/wp-content\/uploads\/2023\/07\/IMG_20230217_155107-1536x691.jpg 1536w, https:\/\/escalechezyanis.fr\/wp-content\/uploads\/2023\/07\/IMG_20230217_155107-2048x922.jpg 2048w, https:\/\/escalechezyanis.fr\/wp-content\/uploads\/2023\/07\/IMG_20230217_155107-850x383.jpg 850w\" sizes=\"(max-width: 1024px) 100vw, 1024px\" \/><\/figure>\n\n\n\n<p>Coque de la voiture<\/p>\n\n\n\n<figure class=\"wp-block-image size-large is-resized\"><img loading=\"lazy\" decoding=\"async\" width=\"755\" height=\"1024\" src=\"https:\/\/www.escalechezyanis.fr\/wp-content\/uploads\/2023\/07\/IMG_20230704_124744-1-755x1024.jpg\" alt=\"\" class=\"wp-image-334\" style=\"aspect-ratio:0.7368421052631579;width:323px;height:auto\" srcset=\"https:\/\/escalechezyanis.fr\/wp-content\/uploads\/2023\/07\/IMG_20230704_124744-1-755x1024.jpg 755w, https:\/\/escalechezyanis.fr\/wp-content\/uploads\/2023\/07\/IMG_20230704_124744-1-221x300.jpg 221w, https:\/\/escalechezyanis.fr\/wp-content\/uploads\/2023\/07\/IMG_20230704_124744-1-768x1042.jpg 768w, https:\/\/escalechezyanis.fr\/wp-content\/uploads\/2023\/07\/IMG_20230704_124744-1-1132x1536.jpg 1132w, https:\/\/escalechezyanis.fr\/wp-content\/uploads\/2023\/07\/IMG_20230704_124744-1-1510x2048.jpg 1510w, https:\/\/escalechezyanis.fr\/wp-content\/uploads\/2023\/07\/IMG_20230704_124744-1-300x407.jpg 300w, https:\/\/escalechezyanis.fr\/wp-content\/uploads\/2023\/07\/IMG_20230704_124744-1-850x1153.jpg 850w, https:\/\/escalechezyanis.fr\/wp-content\/uploads\/2023\/07\/IMG_20230704_124744-1.jpg 1818w\" sizes=\"(max-width: 755px) 100vw, 755px\" \/><\/figure>\n\n\n\n<p>Et voici l&rsquo;imprimante 3D qui a permis l&rsquo;impression de l&rsquo;ensemble : Ch\u00e2ssis et Carosserie.<\/p>\n\n\n\n<p>              Creality Ender-3 S1 Pro.<\/p>\n\n\n\n<figure class=\"wp-block-image size-large is-resized\"><img loading=\"lazy\" decoding=\"async\" width=\"461\" height=\"1024\" src=\"https:\/\/www.escalechezyanis.fr\/wp-content\/uploads\/2023\/07\/IMG_20230703_231529-461x1024.jpg\" alt=\"\" class=\"wp-image-208\" style=\"width:335px;height:auto\" srcset=\"https:\/\/escalechezyanis.fr\/wp-content\/uploads\/2023\/07\/IMG_20230703_231529-461x1024.jpg 461w, https:\/\/escalechezyanis.fr\/wp-content\/uploads\/2023\/07\/IMG_20230703_231529-135x300.jpg 135w, https:\/\/escalechezyanis.fr\/wp-content\/uploads\/2023\/07\/IMG_20230703_231529-768x1707.jpg 768w, https:\/\/escalechezyanis.fr\/wp-content\/uploads\/2023\/07\/IMG_20230703_231529-691x1536.jpg 691w, https:\/\/escalechezyanis.fr\/wp-content\/uploads\/2023\/07\/IMG_20230703_231529-922x2048.jpg 922w, https:\/\/escalechezyanis.fr\/wp-content\/uploads\/2023\/07\/IMG_20230703_231529-300x667.jpg 300w, https:\/\/escalechezyanis.fr\/wp-content\/uploads\/2023\/07\/IMG_20230703_231529-850x1889.jpg 850w, https:\/\/escalechezyanis.fr\/wp-content\/uploads\/2023\/07\/IMG_20230703_231529-scaled.jpg 1152w\" sizes=\"(max-width: 461px) 100vw, 461px\" \/><\/figure>\n","protected":false},"excerpt":{"rendered":"<p>Ch\u00e2ssis de la voiture mod\u00e9lis\u00e9 sur Tinkercad Coque de la voiture Et voici l&rsquo;imprimante 3D qui a permis l&rsquo;impression de l&rsquo;ensemble : Ch\u00e2ssis et Carosserie. Creality Ender-3 S1 Pro.<\/p>\n","protected":false},"author":1,"featured_media":0,"parent":0,"menu_order":0,"comment_status":"closed","ping_status":"closed","template":"","meta":{"footnotes":""},"_links":{"self":[{"href":"https:\/\/escalechezyanis.fr\/index.php\/wp-json\/wp\/v2\/pages\/147"}],"collection":[{"href":"https:\/\/escalechezyanis.fr\/index.php\/wp-json\/wp\/v2\/pages"}],"about":[{"href":"https:\/\/escalechezyanis.fr\/index.php\/wp-json\/wp\/v2\/types\/page"}],"author":[{"embeddable":true,"href":"https:\/\/escalechezyanis.fr\/index.php\/wp-json\/wp\/v2\/users\/1"}],"replies":[{"embeddable":true,"href":"https:\/\/escalechezyanis.fr\/index.php\/wp-json\/wp\/v2\/comments?post=147"}],"version-history":[{"count":9,"href":"https:\/\/escalechezyanis.fr\/index.php\/wp-json\/wp\/v2\/pages\/147\/revisions"}],"predecessor-version":[{"id":593,"href":"https:\/\/escalechezyanis.fr\/index.php\/wp-json\/wp\/v2\/pages\/147\/revisions\/593"}],"wp:attachment":[{"href":"https:\/\/escalechezyanis.fr\/index.php\/wp-json\/wp\/v2\/media?parent=147"}],"curies":[{"name":"wp","href":"https:\/\/api.w.org\/{rel}","templated":true}]}}